emainder when p is divided by 17?
10
Let m = 16 - 14. Suppose 2*i - 40 = 5*o, -i + 11 = -0*o + m*o. Calculate the remainder when i is divided by ((-4)/(-1))/((-12)/(-18)).
3
Let q(u) be the first derivative of 7*u**3 - u**2/2 + 26. Calculate the remainder when 129 is divided by q(-1).
19
Let o = 28 - 13. Suppose -4*p + 42 = -74. Calculate the remainder when p is divided by o.
14
Let f(m) = -4*m - 36*m**2 - 32*m**2 + 75*m**2 - 5 + m**3. Let t(l) = -l**3 - 8*l**2 - 8*l + 10. What is the remainder when f(-5) is divided by t(-7)?
14
Let c be (568/20 + -1)/((-1)/(-5)). Let g = c - 68. Calculate the remainder when g is divided by 18.
15
Let x(k) = -k**2 - 15*k - 7. Suppose b + 21 = 2*w - 0*w, b + 5 = 0. What is the remainder when x(-12) is divided by w?
5
Let w be (-36)/(-90) - 2/5. Suppose w = 5*l - 23 - 7. Let q(s) = s**3 - 7*s**2 + 7*s + 5. Calculate the remainder when q(6) is divided by l.
5
Let u(d) = -6*d**2 + 92*d + 454. What is the remainder when 616/6 + 4/(-6) is divided by u(19)?
30
Suppose 7*r = -345 + 1479. What is the remainder when r is divided by 33?
30
Suppose 2*h - 16 - 8 = 0. Suppose 4*y - y = 5*q + 46, -5*y + 10 = 0. Calculate the remainder when 2/q + (-178)/(-8) is divided by h.
10
Suppose 25 = m - 17. Suppose -4*t = x - 2*x + 30, 0 = -2*x + 2*t + m. What is the remainder when 35 is divided by x?
17
Let i(o) = -o**2 - 27*o - 15. What is the remainder when 38 is divided by i(-26)?
5
Suppose 7*j - 2*x = 5*j + 30, -5*j + 2*x = -81. Calculate the remainder when 48 is divided by j.
14
Let t(n) = -5*n - 124. Calculate the remainder when t(-55) is divided by 4.
3
Suppose -f = 5*n + 20, 4*n + 22 + 23 = 5*f. What is the remainder when 4/18 - 115/(-9) is divided by 4/n - 464/(-80)?
3
Suppose -2*r + 4*v + 80 = 0, 39 = r + 4*v + 5. Suppose -5*d + 219 = 4*x - 0*x, 2*x - 111 = -d. What is the remainder when x is divided by 1*r/(-1 + 3)?
18
Suppose -3*i = -3*z - 0*z + 18, -16 = -3*z + 2*i. Let r be 1/((z*-1)/(-596)). Suppose r = 6*x - 37. What is the remainder when 91 is divided by x?
29
Suppose 0 = -2*y - 3*f + 2*f + 167, -2*y - 2*f = -168. Let v = y - 49. Calculate the remainder when v is divided by 9.
7
Let i = 116 - 108. Suppose 4*w = 4*b - 20, 4*b - 2*w = 8*b - 50. What is the remainder when b is divided by i?
2
Let o = -8 - -11. Suppose 33 = o*w - 5*b, 3*b = -4*w + 2*b + 21. Let t = 227 + -216. What is the remainder when t is divided by w?
5
Let g = 23 + -17. Let n be (81/(-18))/(g/(-8)). Suppose 17*r = 15*r + n. Calculate the remainder when 5 is divided by r.
2
Let s(b) = b**3 + 4*b**2 - 6*b. Let a be (-8)/(-6)*21/14. Suppose 0 = a*v - 49 + 21. What is the remainder when v is divided by s(-5)?
4
Let j = 11 + -4. Suppose 6*x = j*x. Suppose 4*t + 12 = 4*g - 12, x = -5*g - 4*t + 75. Calculate the remainder when 31 is divided by g.
9
Suppose 0 = 5*h - 7 - 18. Suppose o - 90 = -5*i, 0 = 3*i - 2*i + h*o - 42. Calculate the remainder when i is divided by (-44)/(-7) + 2/(-7).
5
Let r(z) = z**3 - 8*z**2 + z - 2. Suppose -4 = -3*s + 47. Let w = s + -9. What is the remainder when r(w) is divided by 4?
2
Let p = -1302 + 1325. Let i(b) = 12 - 2*b**2 - 5 + b**2 - 6*b. Calculate the remainder when p is divided by i(-5).
11
Let g(u) = 3*u**2 + 1. Calculate the remainder when (-1 - -9)/((-17)/((-2584)/16)) is divided by g(-2).
11
Suppose 0 = 6*q - 224 - 148. Calculate the remainder when 430 is divided by q.
58
Suppose -n + l + 6 = 2, -2*n = 2*l - 8. What is the remainder when 151 is divided by (3 + -2)*n - -13?
15
Suppose 8*y - 260 - 124 = 0. Suppose -9*r = -177 - y. What is the remainder when r is divided by 9?
7
Suppose -f - 4*d + 111 = 3, -3*f + 284 = 2*d. Suppose 2*i - 6*i - f = -m, 2 = -i. Calculate the remainder when m is divided by 45.
39
Let b be -10*((-4)/(-4))/2. Let i = 27 + b. What is the remainder when 374/6 + 4/6 is divided by i?
19
Let k(q) = q**2 + 9*q - 35. Let c be k(-12). Suppose -c + 17 = 2*p. Calculate the remainder when 34 is divided by p.
2
Let k(d) = d**3 - 2*d**2 - 6*d + 16. Let b be -5 + 1 + 2 + 7. What is the remainder when k(b) is divided by 23?
15
Calculate the remainder when ((-15)/9)/((-250)/1800) is divided by 7.
5
Let k(x) = 2*x + 65. What is the remainder when k(6) is divided by 28?
21
Suppose -5*v = -z - 58, -6*v - 4*z + 44 = -3*v. Suppose v*i - 243 = 3*i. What is the remainder when i is divided by 15?
12
Suppose 0 = -0*s + s - 29. Let d = 16 + -22. Let c(j) = -2*j**2 - 15*j - 8. What is the remainder when s is divided by c(d)?
9
Let w be (-56)/(-26) + 5/(195/(-6)). What is the remainder when w*(2 + 92/8) is divided by 14?
13
Let i = 410 + -336. What is the remainder when i is divided by 16?
10
Let g(n) = -440*n - 30. What is the remainder when g(-1) is divided by 59?
56
Let x be (-9)/(-15) - (-37)/5. Suppose 5*m - 31 = -2*w, x = -5*w + 23. Suppose -367*y + 372*y = 10. What is the remainder when m is divided by y?
1
Suppose -3*s - 2*s - 15 = 0. Suppose j + 6 = 3*x + 3, 0 = -5*j + 5*x + 25. What is the remainder when j is divided by (0 + s)/(1 + -2)?
0
Suppose 3*z - 2*z = 4*f - 1, -f = -z + 11. Suppose -k = -0 - z. Let v(d) = d**3 - d**2 + 2. What is the remainder when k is divided by v(2)?
3
Let w = 13 + 68. Calculate the remainder when w is divided by 14.
11
What is the remainder when 4/6 + (-2960)/(-60) is divided by 13*(-1 + 3 + 0)?
24
Let b = -15 - -33. Let m(x) = x**2 - 18*x + 13. Calculate the remainder when 32 is divided by m(b).
6
Let r be (-1 + -2)*327/(-9). Let i = -60 + r. Calculate the remainder when i is divided by (29 - 30)*-27 - 10.
15
Suppose -20 = -5*r - 5*k, 3*r - 4*k = k + 12. What is the remainder when 20 is divided by r?
0
Let p(c) = -2*c**3 - 14*c**2 - 3*c - 1. What is the remainder when p(-7) is divided by 12?
8
Let u(r) = r**3 + 4*r**2 - 2*r - 2. Calculate the remainder when (-14)/63*-93*(4 + -1) is divided by u(-3).
10
Let x(n) = -n + 17. Suppose 0 = -2*z - 3*z + 35. Suppose 4*a + 2 = 150. What is the remainder when a is divided by x(z)?
7
Let z(k) = k**2 + 17*k + 104. Calculate the remainder when 121 is divided by z(-9).
25
Suppose 0 = -19*o + 40*o - 10*o - 495. Let s = 2 + -2. Suppose s = -3*k + 7*k - 96. Calculate the remainder when o is divided by k.
21
Suppose -r + 5*q - 115 = -525, 2 = -2*q. What is the remainder when r is divided by 82?
77
Suppose -493 = 4*t - 5*p, p + 1 = 2*p. Let u = -71 - t. Suppose 7 + 11 = x. What is the remainder when u is divided by x?
15
Suppose 4*q = -4*q + 24. Suppose 3*p - 5*j = 36, -2*p = -q*j - 3 - 20. Suppose 3*i - 49 = -5*x, x + 4*i - 2 = 1. What is the remainder when x is divided by p?
4
Let x = -164 - -181. What is the remainder when 43 is divided by x?
9
Let r(w) = -w**2 + 8*w - 9. Let p be r(5). Suppose j - 3 = p. Let x = -19 + 54. Calculate the remainder when x is divided by j.
8
Let q = 4 - 0. What is the remainder when 17*(-2)/(2/(-1)) is divided by 0 + (8 - q) - -2?
5
Let z = 3665 + -2787. Calculate the remainder when z is divided by 438.
2
Calculate the remainder when 1/(5133/855 - 6) is divided by 16.
13
Let g = 68 - -92. Suppose d + 4*d - g = 0. Calculate the remainder when d is divided by 9.
5
Let r = 259 + -231. Suppose 92 = -5*p + 3*q, -2*p - 5*q - 21 - 22 = 0. Let d = p - -34. What is the remainder when r is divided by d?
13
Let c(x) = x**2 + x - 2. Let b be c(-3). Let p(f) = 2*f + 2*f**2 - b*f + 3*f**2. Calculate the remainder when 29 is divided by p(2).
13
Suppose -19*g = 128 - 1401. What is the remainder when g is divided by 7?
4
Let a = -590 - -638. What is the remainder when 239 is divided by a?
47
Suppose 7*f = 10*f - 81. Calculate the remainder when 46 is divided by -7 + f + 3 + (-1)/(-1).
22
Let x = 52 + -32. Suppose -2*i - 7 = -3. Calculate the remainder when x is divided by i/4 + 91/14.
2
Suppose -3 = 6*y - 3. Suppose y = -o - o - 3*n + 11, 3*o + 2*n = 29. Calculate the remainder when o is divided by 5.
3
Let t = -46 + 146. Let c = t + -84. Calculate the remainder when 24 is divided by c.
8
Suppose -243 = -9*b + 162. Calculate the remainder when b*1 + 0*(-1)/(-2) is divided by 12.
9
Suppose 0 = 179*i - 190*i + 231. Calculate the remainder when 46 is divided by i.
4
Let m(l) = 63*l - 3. Suppose -19*f + 8 = -23*f. Calculate the remainder when m(2) is divided by (-404)/(-16) + f/8.
23
Let s = -32 + 37. Suppose 31 = s*j - 54. What 